96, o = v - 3*m - 57. What are the prime factors of v?
3, 17
Suppose 45 = -5*r - 0. Let g be (-15)/(-4) - r/36. Suppose -n + 3*n - 4*i - 88 = 0, -5*i = -g*n + 176. List the prime factors of n.
2, 11
List the prime factors of (3/(-4))/((-34)/((-8865296)/(-33))).
2, 2963
Suppose 3*g = 11*g. Suppose g = -f + 6*f + 20, 4*z - 556 = -2*f. What are the prime factors of z?
3, 47
Let r = -73 + 109. Suppose 0 = -7*y + 603 - r. What are the prime factors of y?
3
Let y be -4 - (2 - (5 + 360/3)). Suppose 5*z + 162 = -178. Let d = y + z. What are the prime factors of d?
3, 17
Suppose -15 = -3*l, -2*c = -4*l - 32 - 38. Let o = 60 + c. What are the prime factors of o?
3, 5, 7
Let p = -9 - -16. Let r(h) = 5*h - 10. What are the prime factors of r(p)?
5
Suppose w - 1 = 4*m, -m = 3*w - w + 7. Let b be 19/((-3)/21*m). What are the prime factors of 1/(-3) + b/3?
2, 11
Let v(l) = 16*l + 26. Let k(d) = -11*d - 17. Let a(x) = 7*k(x) + 5*v(x). List the prime factors of a(12).
47
Let s(n) = -n**2 + 10*n - 1. Let a be s(10). Let g(v) = 20*v**2. What are the prime factors of g(a)?
2, 5
Let c(q) = 1 + 2 - 4 + 27*q**2 - 8*q**2. Let a be c(-1). Suppose -2*x - 4*n + a = -16, -4*n + 20 = 0. List the prime factors of x.
7
Let r = 8 - 32. Let o = r + 24. Suppose -2*t - x = -112, -2*t - 4*x - 47 + 159 = o. What are the prime factors of t?
2, 7
Let s be 3/(-2)*(-56)/3. Let c = s + -28. Suppose c = -o - 3*u + 55, 2*o - 107 - 3 = -4*u. What are the prime factors of o?
5, 11
Suppose -5*s + 120 = s. Suppose -t = 4*t - s. Suppose -t*o = o - 155. What are the prime factors of o?
31
Suppose 5*n + 2*m = n - 58, -59 = 4*n + m. What are the prime factors of 3/((-18)/(-668))*n/(-10)?
167
List the prime factors of (-7450)/(-8) + (-1)/4.
7, 19
Suppose -5*j + 2*w + 36 = 0, 2*w = 3*j - 3*w - 33. Let n = 6 - j. Suppose 0 = -2*h + 3*m + 41, 4*h + 3*m - 19 - 90 = n. What are the prime factors of h?
5
Let i be ((-28)/3)/((-34)/255). Suppose 2*a = 2*w - 2*a - i, -3*a - 168 = -5*w. List the prime factors of w.
3, 11
Suppose 5*z + 850 = 8*z - 5*a, a - 1426 = -5*z. Suppose t - 4*t = -z. List the prime factors of t.
5, 19
Let c(t) = 17*t**2 - 22*t - 9. List the prime factors of c(-6).
3, 5, 7
Let l(m) be the second derivative of -m**6/360 + m**5/40 + m**4/6 - m**3/6 - 4*m. Let s(o) be the second derivative of l(o). List the prime factors of s(3).
2
Suppose 3*l - t = 2*t + 57, -4*l - 5*t = -85. Suppose 7*c = 9*c - l. List the prime factors of c.
2, 5
Let y(m) = -m**3 + 10*m**2 - 9*m - 4. Let x be y(9). What are the prime factors of (-3859)/(-255) - x/(-30)?
3, 5
Suppose -2*j = 3*j - 10. Suppose j = -0*f + f. Let m = f - -30. What are the prime factors of m?
2
Let x be ((-23)/2)/(11/(-110)). Suppose 2*p = -3*p + x. Let u = p - 11. List the prime factors of u.
2, 3
Let k be -6*((-1)/2 - 10/(-12)). Let u(s) = -4 + s + 4*s**2 + 4*s**2 + 2. What are the prime factors of u(k)?
2, 7
Let l(m) = -m**3 - 6*m**2 + 5*m - 9. Let r be l(-7). Suppose -4*u - 4*d = -7*u + 17, -r*d - 4 = 2*u. Let s = 2 + u. What are the prime factors of s?
5
Let u = 80 + -75. Suppose -4*m + 5*m + 3*p = 83, u*m + 4*p - 448 = 0. What are the prime factors of m?
2, 23
Let q = -8 - -8. Suppose -5*a = 5*h - 15, 0 = 5*a + 4*h - 5*h - 27. Let b = a + q. What are the prime factors of b?
5
Let c = -60 + 62. Let n(j) = 58*j - 3. What are the prime factors of n(c)?
113
Suppose 0 = 4*r - 144 - 112. Suppose -3*o - 2*k = -r, o - k = k + 16. Suppose 3*s - 47 = 5*h, 3*h = -2*h - o. What are the prime factors of s?
3
What are the prime factors of 428 - (0 - (2 - -3))?
433
Suppose 300 = 7*q - 3*q. Suppose 6*b = b + q. List the prime factors of (-1)/(-2) + b/10.
2
Suppose t + 0*t = -2. Let f be 2*3*1/t. What are the prime factors of (f/1 - 3)*-2?
2, 3
Suppose -34622 - 51994 = -27*l. What are the prime factors of l?
2, 401
Let w be 1684/28 + (-3)/21. Let n = -24 + w. What are the prime factors of n?
2, 3
Suppose -53*k + 99291 + 122673 = 0. What are the prime factors of k?
2, 3, 349
Suppose 4 - 8 = -2*s. Suppose s*a = -8 + 4. What are the prime factors of 0 + (a - (-3 + -10))?
11
Suppose 4*c - 3*q - 6 = 0, -c = -4*q - 5 - 3. Suppose 4*b = 12, c = -5*a + 3*a - 2*b - 2. List the prime factors of (-2)/4 - 10/a.
2
Let i = -664 + 1700. What are the prime factors of i?
2, 7, 37
Suppose -24*h + 7 = -41. Suppose -k + 2 = -4. Suppose 3*w - h*w - k = 0. What are the prime factors of w?
2, 3
Let h(u) = 3*u + 1. Let q(b) = 5*b - 4. Let v be q(2). Let k be h(v). Suppose k*f - 17*f - 50 = 0. List the prime factors of f.
5
Suppose 11*v - 6*v + 40 = 0. Let d be (v - -24) + 2*-1. Suppose -2*y + 68 = d. List the prime factors of y.
3
Let y = -1056 + 1682. What are the prime factors of y?
2, 313
Suppose 0 = -4*f + 4*p - 12928 + 34108, -4*f + 21160 = p. What are the prime factors of f?
11, 13, 37
Let p be -20 + 3/(-5 - -2). Let h = 2 + p. Let y = h + 49. What are the prime factors of y?
2, 3, 5
Let w(m) = -m**3 + 5*m**2 + 5*m - 18. Let v be w(6). Let z(r) = -13*r - 56. List the prime factors of z(v).
2
Let t be 2/(4/(-14)*(-126)/36). Let l = 171 + -122. Suppose l = t*a - 101. What are the prime factors of a?
3, 5
Let h(o) = -2*o - 17. Let m be h(-10). Suppose -m*j - j + 160 = 0. List the prime factors of j.
2, 5
Suppose 4*h + 5 - 17 = -4*l, 4*l + 5*h = 8. Suppose -13*b = -l*b - 30. What are the prime factors of b?
5
Let z = -123 + 206. Let g = 155 - z. What are the prime factors of g?
2, 3
Let q(j) = j**3 + 8*j**2 + 2*j - 3. Let k be q(-7). Suppose k = -5*z + 107. Let v = 1 + z. What are the prime factors of v?
2
Suppose 0 = 4*y - q - 70, 5*y + 0*q = -2*q + 94. Let m be ((y/(-2))/(-3))/(-1). What are the prime factors of 10/(-15) + (-71)/m?
23
Let s(h) = h**3 + 14*h**2 - 4*h + 26. What are the prime factors of s(-14)?
2, 41
Suppose 0 = -5*i + 2687 + 453. What are the prime factors of i?
2, 157
Suppose 2*l + 5*j - 10 = 0, -2*j = -l - 6*j + 8. Suppose 0 = -s - 1, 0*y + 5*y - 5*s - 745 = l. What are the prime factors of y?
2, 37
Let i(l) be the first derivative of -l**4/4 + 5*l**3/3 + 7*l**2/2 - 10*l + 1. Let h = -255 + 260. What are the prime factors of i(h)?
5
Let f be (-2 - 0) + -2*37. Let w be 6/(-8) - f/16. Suppose c - 3*t + 5 = 5*c, t + 9 = w*c. List the prime factors of c.
2
Let a = 191 + -46. List the prime factors of a.
5, 29
Let u = -11 - -2. Let y = u - -72. What are the prime factors of y?
3, 7
Let r = -5536 - -9496. List the prime factors of r.
2, 3, 5, 11
Let o = 1107 - -3195. What are the prime factors of o?
2, 3, 239
Let a(p) = -29*p + 351. List the prime factors of a(9).
2, 3, 5
Suppose o - 471 = 1236. What are the prime factors of o?
3, 569
Suppose 132*k - 176*k + 34188 = 0. List the prime factors of k.
3, 7, 37
Suppose -g + 232 = -4*p, -g - 2*g + 5*p + 724 = 0. Suppose -88 + g = 2*l. Let o = l - 48. List the prime factors of o.
2
Let t = -5176 - -7446. List the prime factors of t.
2, 5, 227
Suppose 82 = 5*h + 2. Let u = 25 + h. What are the prime factors of u?
41
Suppose 20 - 20 = -5*p. Suppose -317 = -5*l - p*m - 3*m, 5*m = -5*l + 315. What are the prime factors of l?
2
Let g be (-14)/91 - (-184)/13. Let v(r) = r**2 - 11*r - 4. List the prime factors of v(g).
2, 19
Let q = 6 - 11. Let z = q - -9. Suppose 25 = z*p - 15. What are the prime factors of p?
2, 5
Let q be (-600)/27 - (-2)/9. List the prime factors of q/4*2*-11.
11
Suppose 7 - 51 = -11*p. Suppose 13*b = p*b + 369. What are the prime factors of b?
41
Suppose -3*g = 9, 5*l = 6*g - g + 25. Suppose l*p - 124 = -0*p - 3*j, -5*j - 148 = -3*p. What are the prime factors of p?
2, 7
Let z = -802 + 1718. List the prime factors of z.
2, 229
Let i(z) = -48*z - 22. What are the prime factors of i(-1)?
2, 13
Let t be ((-1)/2)/((-5)/170). Let b = -17 + t. Suppose b = 4*y + y - 240. What are the prime factors of y?
2, 3
Suppose 29*r + 4484 = 31*r. List the prime factors of r.
2, 19, 59
Suppose -3*k = -5*k + 6. Suppose 4*o = k*o + 5. List the prime factors of -18*o/(30/(-4)).
2, 3
Let x = 26 - 21. Let y be 0/(-2)*1/1. Suppose y*p = p - x. List the prime factors of p.
5
Let n = 13 - 1. Let i(d) = 2*d + 22. What are the prime factors of i(n)?
2, 23
Suppose p = c - 3757, 0 = -3*c - c + p + 15037. List the prime factors of c.
2, 5, 47
Let b(n) = -219*n - 157. What are the prime factors of b(-3)?
2, 5
Suppose 3*w = -5*g